n q is divided by 49?
44
Let o(s) = s**3 - 3*s**2 - 6. Let r(a) = 2*a**2 + 13*a + 5. Let g = -23 + 16. Calculate the remainder when o(5) is divided by r(g).
8
Let t(j) = -j**3 - 12*j**2 + 14*j + 19. Let n be t(-13). Calculate the remainder when (n/4)/(11/330) is divided by 24.
21
Suppose -922 = 50*o - 6572. What is the remainder when o is divided by 29?
26
Suppose -9 = -5*k - b - 45, 3*b = -3*k - 24. Let d(l) = -8 + 1 + 3 - 5*l. What is the remainder when d(k) is divided by 16?
15
Let d be -4 + (6 - -4) + -2. Suppose -2*g - 5*z + 123 = -0*g, 0 = -2*g + d*z + 114. What is the remainder when g is divided by 31?
28
Suppose 2*x - 327 = -x. Suppose 4*l = 4*a - 11 - x, -130 = -5*a + l. Suppose 6*n - 28*n + 198 = 0. What is the remainder when a is divided by n?
7
Suppose 4*b = 3*m + 95, 7*m - 75 = -5*b + 2*m. Let u = b + 16. Let c(x) = -x**3 - 46*x**2 - 131*x - 76. Calculate the remainder when u is divided by c(-43).
6
Let f = -20135 - -20175. What is the remainder when (-477)/6*(-4)/2 is divided by f?
39
Suppose 2*b = 2*x + 16, 10*x - 5*x = -4*b + 32. Let o(j) = 6*j - 8. Suppose -6*p + 85 = 1. Calculate the remainder when o(b) is divided by p.
12
Suppose -3*k - 11*m + 15*m = -355, -k + 129 = 4*m. Calculate the remainder when 604 is divided by k.
120
Suppose 3*p = -2*p + 70. Suppose 511 = p*u - 413. Calculate the remainder when u is divided by 10.
6
Suppose -t + 77 = 3*j, 4*t + 3*j - 6*j - 293 = 0. What is the remainder when t is divided by 38?
36
Let u = -72 + 143. Calculate the remainder when u is divided by 4.
3
Let g = 40 - 37. Suppose 2*z - g*n - 120 = 0, 2*n = 3 - 7. Calculate the remainder when z is divided by 29.
28
Suppose -2*v = -161 + 49. Suppose -v = -p - 21. What is the remainder when p is divided by (3 - -1) + (21 - 7)?
17
Suppose 3*n - 77 = 160. Calculate the remainder when n is divided by 19.
3
Let j(b) = 11*b + 13. Let c be (15 + -17)/(2 + -4). What is the remainder when j(c) is divided by 10?
4
Let h(u) = -7 + 4 - 3 + 3*u. Suppose -203*y + 198*y = -40. Calculate the remainder when h(y) is divided by 11.
7
Calculate the remainder when 349 is divided by 64*4/32*4.
29
Suppose 4*q - 43 = 45. Let i = 15 - q. Let j(o) = -o + 6. Calculate the remainder when 24 is divided by j(i).
11
Let v be (4*12/64)/((-1)/20). Let r = 21 + v. Calculate the remainder when 28 is divided by r.
4
Suppose -5*w = 8 - 43. What is the remainder when 2 - -2 - -14 - 0 is divided by w?
4
Suppose 0 = -2*q + 28 - 4. Let f(b) = -b**3 + 7*b**2 - 4*b + 9. What is the remainder when f(6) is divided by q?
9
Suppose -39*u = -38*u - 14. What is the remainder when u is divided by 9?
5
Suppose -2*c = -6*c + 76. Suppose 5*j - 79 + c = 0. Suppose 3*m - 114 = 5*h - 36, 4*h = j. What is the remainder when m is divided by 8?
7
Suppose -3*g + 9 = 0, 0 = -r + 2*g - 6*g + 56. Suppose 52 + r = 2*a. Suppose -4*z + z + a = 0. What is the remainder when z is divided by 9?
7
Suppose 18 + 34 = 2*f. Suppose -3*r + 4*r - 2*o - f = 0, r = -4*o + 2. Calculate the remainder when -4 - ((0 - r) + 0) is divided by 3.
2
Suppose -90*a = -91*a - 9. Let h(t) = -t**3 - 9*t**2 - t + 15. Calculate the remainder when 118 is divided by h(a).
22
Let h(d) = 245*d**2 + 6*d - 2. Calculate the remainder when h(1) is divided by 94.
61
Let n(d) = 3*d + 5. Let c be n(-6). Let w = -9 - c. Suppose -t + 3*x = -22, -2*x - x = -w*t + 43. What is the remainder when 18 is divided by t?
4
Suppose -4*z + n + 101 = 38, -2*n + 10 = 0. What is the remainder when 269 is divided by z?
14
Suppose 15 = 5*k - 0, 3*k + 204 = 3*d. Let h = d + -56. Suppose 0 = -2*p - c + 112, 2*c = 5*p - 454 + 156. What is the remainder when p is divided by h?
13
Suppose -24 = 2*a - 5*a. Suppose 0 = -2*t + 7*t + 10. Let n = t + a. Calculate the remainder when 9 is divided by n.
3
Let d = 23 - 23. Suppose -k + 3*j - 4 = -24, d = -3*j + 3. Calculate the remainder when k is divided by 7.
2
Suppose -8*r = -14*r + 108. Suppose -r*b = -8*b - 850. Calculate the remainder when b is divided by 18.
13
Let r(y) = 3*y - 9. Let c(h) = -h**2 + 14*h - 19. Let w be c(11). Suppose 5 = -a + w. Calculate the remainder when r(8) is divided by a.
6
Suppose -31*x = -13*x - 4266. What is the remainder when x is divided by 40?
37
Let f = 716 - 695. Calculate the remainder when 93 is divided by f.
9
Suppose 0*x = h + 2*x + 12, 4*h = x - 30. Calculate the remainder when 1*(h - -10)/(2/31) is divided by 8.
7
Let k be 6/(-9)*-6 + -1. Suppose q + 2*q + 78 = k*w, 0 = w + 2*q - 17. Calculate the remainder when 112 is divided by w.
20
Suppose 6*l - 20 = -2. Suppose 0 = -g + 4*y + 6 + 2, -l*g - 3*y = -39. Calculate the remainder when 22 is divided by g.
10
Suppose -5*a + 165 + 240 = -f, 81 = a + f. Calculate the remainder when a is divided by 6.
3
Suppose v = -38*g + 37*g + 24, 0 = 3*v + 2*g - 69. Calculate the remainder when 52 is divided by v.
10
Suppose 21 = 5*l + f, 4*f = -2*l - 2*l + 4. Suppose 178 = 2*x + 2*m, l*x - m - 425 = 4*m. Calculate the remainder when x is divided by 11.
10
Let z = 362 + -205. Calculate the remainder when z is divided by 32.
29
Suppose 2*b = -4*b + 2436. Calculate the remainder when b is divided by 37.
36
Let v(t) = -3*t + 1. Let m be v(-1). Let a(n) = -m - 1 + 3 + 0 - n. Calculate the remainder when 1 is divided by a(-3).
0
Let w(v) = 6*v**3 + 2*v**2 - 3*v. Let z be w(1). Let m(f) = f**3 - 14*f - 6. What is the remainder when 96 is divided by m(z)?
47
Suppose -7*p = -12*p + 165. Calculate the remainder when p is divided by (6/(-21) + (-82)/7)/(-2).
3
Let c = -19 - -19. Suppose -4*x + 20 = c, -5*s + x + x = -145. What is the remainder when s is divided by 16?
15
Suppose 0 = 3*i - 178 + 28. Suppose 20 = v - w, 22 = -4*v + 5*w + 105. What is the remainder when i is divided by v?
16
Let p(r) = -18*r + 8 - 4 - 45 + 10*r. Calculate the remainder when 27 is divided by p(-6).
6
Let p be (-13)/((-52)/(-72)) + 0. Let d = p - -41. Let u = -37 + 80. Calculate the remainder when u is divided by d.
20
Let n(c) = 8*c**2 + 3*c. Let m be n(-3). Suppose -2*l = 17 - m. Calculate the remainder when 5/(-5)*2*-31 + 4 is divided by l.
20
Let z = -31 + 98. Calculate the remainder when z + (-3 - -5) - 4 is divided by 22.
21
Suppose 5*w = 2*m - 0*w + 1, -11 = -3*m - 5*w. Suppose 5*j - 3*i = -0*j + 24, -m*i = 2*j. Suppose 44 = j*r + r. Calculate the remainder when 21 is divided by r.
10
Suppose -5*c + 224 = 4*j, -3*c + 52 = 5*j - 72. Calculate the remainder when 167 is divided by c.
23
Let g = 28 - 20. Let u(n) = n**2 + n + 1. Let f(k) = k**3 + 9*k**2 - 4*k + 8. Let m(i) = f(i) + u(i). Calculate the remainder when m(-10) is divided by g.
7
Suppose 2*f - 1 - 3 = 0, -70 = -x - 5*f. What is the remainder when ((-1)/(-2))/(2/x) is divided by 6?
3
Let q(z) = -z + 43. Calculate the remainder when q(3) is divided by 14.
12
Let y = 2397 + -2393. Suppose -29 = -5*o + 6. Calculate the remainder when o is divided by y.
3
Suppose -2*f + 0*f = -10. Suppose 0*n + 8*n = 296. Let h = n + -29. Calculate the remainder when h is divided by f.
3
What is the remainder when (13 - 17)/(-2 - (-29)/15) is divided by 34?
26
Suppose -5*o + 4*j + 123 = 2*j, -3*j - 58 = -2*o. Suppose 2 = -2*a, 0 = -4*t - 2*a - 2*a + 268. Calculate the remainder when t is divided by o.
22
Suppose -2*b + 2 = 0, 27 = -5*x - b + 3. Let m(n) = -2*n - 6. Calculate the remainder when 9 is divided by m(x).
1
Suppose 238 = 21*q - 140. Calculate the remainder when 33 is divided by q.
15
Let h(z) = -z**2 + 18*z - 13. Suppose y - 4*y + 4*w + 63 = 0, -2*w - 91 = -5*y. What is the remainder when 38 is divided by h(y)?
2
Suppose j = -4*j + 460. Suppose 0 = -2*l - 4*b - 2 + 48, 0 = -4*l - b + j. Let z = 50 + 18. What is the remainder when z is divided by l?
22
Let l(i) = i - 1. Let k(j) = -j**2 - 9*j + 2. Let q(z) = -k(z) - 2*l(z). Calculate the remainder when (-504)/(-15) + 2/5 is divided by q(-9).
16
Let m(a) = 9*a - 17. Let o = -22 - -27. Calculate the remainder when (3 + -57)*(3 - 4) is divided by m(o).
26
Let s(g) = g**2 - 15*g - 2. Let z be s(7). Let t = 10 - z. Let p = -17 + t. What is the remainder when p is divided by 18?
15
Let x(j) = j**3 + 12*j**2 + 8*j - 12. Suppose -5*o - 59 = 4*v, 0 = -v - 4*o + o - 20. Let y = 3 - -8. Calculate the remainder when x(v) is divided by y.
10
Let l = 81 - 56. Let v = 60 + -47. Calculate th